{"id":3039,"date":"2023-07-11T14:56:15","date_gmt":"2023-07-11T18:56:15","guid":{"rendered":"https:\/\/shshealthcare.org.pk\/?post_type=product&#038;p=3039"},"modified":"2024-01-15T01:13:08","modified_gmt":"2024-01-15T06:13:08","slug":"handmade-jute-macrame-small","status":"publish","type":"product","link":"https:\/\/shshealthcare.org.pk\/?product=handmade-jute-macrame-small","title":{"rendered":"Handmade Jute Macram\u00e9-Small"},"content":{"rendered":"<p>Introducing our Handmade Jute Macram\u00e9 &#8211; Small, a perfect blend of bohemian charm and craftsmanship. Each piece is meticulously handcrafted, adding a touch of natural elegance to your space. Whether hung on walls, draped over furniture, or used as plant hangers, these small macram\u00e9 creations bring warmth and texture to any environment. Elevate your d\u00e9cor with these handmade jute macram\u00e9 pieces, designed to infuse your space with a sense of artistry and style.<\/p>\n<ul>\n<li><strong>Material: Jute<\/strong><\/li>\n<li><strong>Color: Natural Brown<\/strong><\/li>\n<li><strong>Handmade<\/strong><\/li>\n<li><strong>For one Planter<\/strong><\/li>\n<li><strong>without Plant and Planter<\/strong><\/li>\n<li><strong>Length:\u00a0 3 feet<\/strong><\/li>\n<\/ul>\n<p><a href=\"https:\/\/shshealthcare.org.pk\">SHS GIFTS<\/a><\/p>\n<p>Also follow us on <a href=\"http:\/\/www.facebook.com\\shsgifts\">Facebook<\/a>.<\/p>\n","protected":false},"excerpt":{"rendered":"<p>Just 3 feet in length, suits smaller places<\/p>\n","protected":false},"featured_media":3042,"comment_status":"open","ping_status":"closed","template":"","meta":{"saved_in_kubio":false,"_monsterinsights_skip_tracking":false,"_monsterinsights_sitenote_active":false,"_monsterinsights_sitenote_note":"","_monsterinsights_sitenote_category":0,"site-sidebar-layout":"default","site-content-layout":"default","ast-site-content-layout":"default","site-content-style":"default","site-sidebar-style":"default","ast-global-header-display":"","ast-banner-title-visibility":"","ast-main-header-display":"","ast-hfb-above-header-display":"","ast-hfb-below-header-display":"","ast-hfb-mobile-header-display":"","site-post-title":"","ast-breadcrumbs-content":"","ast-featured-img":"","footer-sml-layout":"","ast-disable-related-posts":"","theme-transparent-header-meta":"default","adv-header-id-meta":"","stick-header-meta":"","header-above-stick-meta":"","header-main-stick-meta":"","header-below-stick-meta":"","astra-migrate-meta-layouts":"set","ast-page-background-enabled":"default","ast-page-background-meta":{"desktop":{"background-color":"","background-image":"","background-repeat":"repeat","background-position":"center center","background-size":"auto","background-attachment":"scroll","background-type":"","background-media":"","overlay-type":"","overlay-color":"","overlay-opacity":"","overlay-gradient":""},"tablet":{"background-color":"","background-image":"","background-repeat":"repeat","background-position":"center center","background-size":"auto","background-attachment":"scroll","background-type":"","background-media":"","overlay-type":"","overlay-color":"","overlay-opacity":"","overlay-gradient":""},"mobile":{"background-color":"","background-image":"","background-repeat":"repeat","background-position":"center center","background-size":"auto","background-attachment":"scroll","background-type":"","background-media":"","overlay-type":"","overlay-color":"","overlay-opacity":"","overlay-gradient":""}},"ast-content-background-meta":{"desktop":{"background-color":"var(--ast-global-color-4)","background-image":"","background-repeat":"repeat","background-position":"center center","background-size":"auto","background-attachment":"scroll","background-type":"","background-media":"","overlay-type":"","overlay-color":"","overlay-opacity":"","overlay-gradient":""},"tablet":{"background-color":"var(--ast-global-color-4)","background-image":"","background-repeat":"repeat","background-position":"center center","background-size":"auto","background-attachment":"scroll","background-type":"","background-media":"","overlay-type":"","overlay-color":"","overlay-opacity":"","overlay-gradient":""},"mobile":{"background-color":"var(--ast-global-color-4)","background-image":"","background-repeat":"repeat","background-position":"center center","background-size":"auto","background-attachment":"scroll","background-type":"","background-media":"","overlay-type":"","overlay-color":"","overlay-opacity":"","overlay-gradient":""}}},"product_brand":[],"product_cat":[102,86,149],"product_tag":[270,272],"class_list":{"0":"post-3039","1":"product","2":"type-product","3":"status-publish","4":"has-post-thumbnail","6":"product_cat-handicrafts","7":"product_cat-home-decor","8":"product_cat-macrame-plant-hangers","9":"product_tag-home-decor","10":"product_tag-jute-macrame","11":"product_shipping_class-dhl-shipping","12":"desktop-align-center","13":"tablet-align-center","14":"mobile-align-center","16":"first","17":"instock","18":"shipping-taxable","19":"purchasable","20":"product-type-simple","21":"add-to-wishlist-before_image"},"aioseo_notices":[],"aioseo_head":"\n\t\t<!-- All in One SEO Pro 4.9.5.1 - aioseo.com -->\n\t<meta name=\"description\" content=\"Handicrafts - &quot;Elevate your space with our Handmade Jute Macram\u00e9 - Small. Bohemian charm and craftsmanship in every detail. Shop now for natural elegance!&quot;\" \/>\n\t<meta name=\"robots\" content=\"max-image-preview:large\" \/>\n\t<link rel=\"canonical\" href=\"https:\/\/shshealthcare.org.pk\/?product=handmade-jute-macrame-small\" \/>\n\t<meta name=\"generator\" content=\"All in One SEO Pro (AIOSEO) 4.9.5.1\" \/>\n\t\t<meta property=\"og:locale\" content=\"en_US\" \/>\n\t\t<meta property=\"og:site_name\" content=\"SHS Gifts - doing small things in a GREAT way!\" \/>\n\t\t<meta property=\"og:type\" content=\"article\" \/>\n\t\t<meta property=\"og:title\" content=\"Handmade Jute Macram\u00e9-Small - SHS Gifts\" \/>\n\t\t<meta property=\"og:description\" content=\"Handicrafts - &quot;Elevate your space with our Handmade Jute Macram\u00e9 - Small. Bohemian charm and craftsmanship in every detail. Shop now for natural elegance!&quot;\" \/>\n\t\t<meta property=\"og:url\" content=\"https:\/\/shshealthcare.org.pk\/?product=handmade-jute-macrame-small\" \/>\n\t\t<meta property=\"og:image\" content=\"https:\/\/shshealthcare.org.pk\/wp-content\/uploads\/2025\/02\/shs_gift_logo-e-removebg-preview.png\" \/>\n\t\t<meta property=\"og:image:secure_url\" content=\"https:\/\/shshealthcare.org.pk\/wp-content\/uploads\/2025\/02\/shs_gift_logo-e-removebg-preview.png\" \/>\n\t\t<meta property=\"og:image:width\" content=\"452\" \/>\n\t\t<meta property=\"og:image:height\" content=\"552\" \/>\n\t\t<meta property=\"article:published_time\" content=\"2023-07-11T18:56:15+00:00\" \/>\n\t\t<meta property=\"article:modified_time\" content=\"2024-01-15T06:13:08+00:00\" \/>\n\t\t<meta property=\"article:publisher\" content=\"https:\/\/www.facebook.com\/SHSPAK\/\" \/>\n\t\t<meta property=\"article:author\" content=\"https:\/\/www.facebook.com\/shsgifts\" \/>\n\t\t<meta name=\"twitter:card\" content=\"summary_large_image\" \/>\n\t\t<meta name=\"twitter:title\" content=\"Handmade Jute Macram\u00e9-Small - SHS Gifts\" \/>\n\t\t<meta name=\"twitter:description\" content=\"Handicrafts - &quot;Elevate your space with our Handmade Jute Macram\u00e9 - Small. Bohemian charm and craftsmanship in every detail. Shop now for natural elegance!&quot;\" \/>\n\t\t<meta name=\"twitter:image\" content=\"https:\/\/shshealthcare.org.pk\/wp-content\/uploads\/2025\/02\/shs_gift_logo-e-removebg-preview.png\" \/>\n\t\t<script type=\"application\/ld+json\" class=\"aioseo-schema\">\n\t\t\t{\"@context\":\"https:\\\/\\\/schema.org\",\"@graph\":[{\"@type\":\"BreadcrumbList\",\"@id\":\"https:\\\/\\\/shshealthcare.org.pk\\\/?product=handmade-jute-macrame-small#breadcrumblist\",\"itemListElement\":[{\"@type\":\"ListItem\",\"@id\":\"https:\\\/\\\/shshealthcare.org.pk#listItem\",\"position\":1,\"name\":\"Home\",\"item\":\"https:\\\/\\\/shshealthcare.org.pk\",\"nextItem\":{\"@type\":\"ListItem\",\"@id\":\"https:\\\/\\\/shshealthcare.org.pk\\\/?page_id=4359#listItem\",\"name\":\"Shop\"}},{\"@type\":\"ListItem\",\"@id\":\"https:\\\/\\\/shshealthcare.org.pk\\\/?page_id=4359#listItem\",\"position\":2,\"name\":\"Shop\",\"item\":\"https:\\\/\\\/shshealthcare.org.pk\\\/?page_id=4359\",\"nextItem\":{\"@type\":\"ListItem\",\"@id\":\"https:\\\/\\\/shshealthcare.org.pk\\\/?product_cat=home-garden#listItem\",\"name\":\"Home &amp; Garden\"},\"previousItem\":{\"@type\":\"ListItem\",\"@id\":\"https:\\\/\\\/shshealthcare.org.pk#listItem\",\"name\":\"Home\"}},{\"@type\":\"ListItem\",\"@id\":\"https:\\\/\\\/shshealthcare.org.pk\\\/?product_cat=home-garden#listItem\",\"position\":3,\"name\":\"Home &amp; Garden\",\"item\":\"https:\\\/\\\/shshealthcare.org.pk\\\/?product_cat=home-garden\",\"nextItem\":{\"@type\":\"ListItem\",\"@id\":\"https:\\\/\\\/shshealthcare.org.pk\\\/?product_cat=home-decor#listItem\",\"name\":\"Home Decor\"},\"previousItem\":{\"@type\":\"ListItem\",\"@id\":\"https:\\\/\\\/shshealthcare.org.pk\\\/?page_id=4359#listItem\",\"name\":\"Shop\"}},{\"@type\":\"ListItem\",\"@id\":\"https:\\\/\\\/shshealthcare.org.pk\\\/?product_cat=home-decor#listItem\",\"position\":4,\"name\":\"Home Decor\",\"item\":\"https:\\\/\\\/shshealthcare.org.pk\\\/?product_cat=home-decor\",\"nextItem\":{\"@type\":\"ListItem\",\"@id\":\"https:\\\/\\\/shshealthcare.org.pk\\\/?product=handmade-jute-macrame-small#listItem\",\"name\":\"Handmade Jute Macram\\u00e9-Small\"},\"previousItem\":{\"@type\":\"ListItem\",\"@id\":\"https:\\\/\\\/shshealthcare.org.pk\\\/?product_cat=home-garden#listItem\",\"name\":\"Home &amp; Garden\"}},{\"@type\":\"ListItem\",\"@id\":\"https:\\\/\\\/shshealthcare.org.pk\\\/?product=handmade-jute-macrame-small#listItem\",\"position\":5,\"name\":\"Handmade Jute Macram\\u00e9-Small\",\"previousItem\":{\"@type\":\"ListItem\",\"@id\":\"https:\\\/\\\/shshealthcare.org.pk\\\/?product_cat=home-decor#listItem\",\"name\":\"Home Decor\"}}]},{\"@type\":\"ItemPage\",\"@id\":\"https:\\\/\\\/shshealthcare.org.pk\\\/?product=handmade-jute-macrame-small#itempage\",\"url\":\"https:\\\/\\\/shshealthcare.org.pk\\\/?product=handmade-jute-macrame-small\",\"name\":\"Handmade Jute Macram\\u00e9-Small - SHS Gifts\",\"description\":\"Handicrafts - \\\"Elevate your space with our Handmade Jute Macram\\u00e9 - Small. Bohemian charm and craftsmanship in every detail. Shop now for natural elegance!\\\"\",\"inLanguage\":\"en-US\",\"isPartOf\":{\"@id\":\"https:\\\/\\\/shshealthcare.org.pk\\\/#website\"},\"breadcrumb\":{\"@id\":\"https:\\\/\\\/shshealthcare.org.pk\\\/?product=handmade-jute-macrame-small#breadcrumblist\"},\"image\":{\"@type\":\"ImageObject\",\"url\":\"https:\\\/\\\/shshealthcare.org.pk\\\/wp-content\\\/uploads\\\/2023\\\/07\\\/macrame-Jute-Small-1.jpg\",\"@id\":\"https:\\\/\\\/shshealthcare.org.pk\\\/?product=handmade-jute-macrame-small\\\/#mainImage\",\"width\":700,\"height\":700},\"primaryImageOfPage\":{\"@id\":\"https:\\\/\\\/shshealthcare.org.pk\\\/?product=handmade-jute-macrame-small#mainImage\"},\"datePublished\":\"2023-07-11T14:56:15-04:00\",\"dateModified\":\"2024-01-15T01:13:08-05:00\"},{\"@type\":\"Organization\",\"@id\":\"https:\\\/\\\/shshealthcare.org.pk\\\/#organization\",\"name\":\"SHS Gifts\",\"description\":\"doing small things in a GREAT way!\",\"url\":\"https:\\\/\\\/shshealthcare.org.pk\\\/\",\"telephone\":\"+923008619006\",\"logo\":{\"@type\":\"ImageObject\",\"url\":\"https:\\\/\\\/shshealthcare.org.pk\\\/wp-content\\\/uploads\\\/2024\\\/03\\\/cropped-shs-logo-2-1.jpg\",\"@id\":\"https:\\\/\\\/shshealthcare.org.pk\\\/?product=handmade-jute-macrame-small\\\/#organizationLogo\",\"width\":512,\"height\":512},\"image\":{\"@id\":\"https:\\\/\\\/shshealthcare.org.pk\\\/?product=handmade-jute-macrame-small\\\/#organizationLogo\"},\"sameAs\":[\"https:\\\/\\\/www.facebook.com\\\/SHSPAK\\\/\"]},{\"@type\":\"WebPage\",\"@id\":\"https:\\\/\\\/shshealthcare.org.pk\\\/?product=handmade-jute-macrame-small#webpage\",\"url\":\"https:\\\/\\\/shshealthcare.org.pk\\\/?product=handmade-jute-macrame-small\",\"name\":\"Handmade Jute Macram\\u00e9-Small - SHS Gifts\",\"description\":\"Handicrafts - \\\"Elevate your space with our Handmade Jute Macram\\u00e9 - Small. Bohemian charm and craftsmanship in every detail. Shop now for natural elegance!\\\"\",\"inLanguage\":\"en-US\",\"isPartOf\":{\"@id\":\"https:\\\/\\\/shshealthcare.org.pk\\\/#website\"},\"breadcrumb\":{\"@id\":\"https:\\\/\\\/shshealthcare.org.pk\\\/?product=handmade-jute-macrame-small#breadcrumblist\"},\"image\":{\"@type\":\"ImageObject\",\"url\":\"https:\\\/\\\/shshealthcare.org.pk\\\/wp-content\\\/uploads\\\/2023\\\/07\\\/macrame-Jute-Small-1.jpg\",\"@id\":\"https:\\\/\\\/shshealthcare.org.pk\\\/?product=handmade-jute-macrame-small\\\/#mainImage\",\"width\":700,\"height\":700},\"primaryImageOfPage\":{\"@id\":\"https:\\\/\\\/shshealthcare.org.pk\\\/?product=handmade-jute-macrame-small#mainImage\"},\"datePublished\":\"2023-07-11T14:56:15-04:00\",\"dateModified\":\"2024-01-15T01:13:08-05:00\"},{\"@type\":\"WebSite\",\"@id\":\"https:\\\/\\\/shshealthcare.org.pk\\\/#website\",\"url\":\"https:\\\/\\\/shshealthcare.org.pk\\\/\",\"name\":\"SHS Gifts\",\"description\":\"doing small things in a GREAT way!\",\"inLanguage\":\"en-US\",\"publisher\":{\"@id\":\"https:\\\/\\\/shshealthcare.org.pk\\\/#organization\"}}]}\n\t\t<\/script>\n\t\t<!-- All in One SEO Pro -->\r\n\t\t<title>Handmade Jute Macram\u00e9-Small - SHS Gifts<\/title>\n\n","aioseo_head_json":{"title":"Handmade Jute Macram\u00e9-Small - SHS Gifts","description":"Handicrafts - \"Elevate your space with our Handmade Jute Macram\u00e9 - Small. Bohemian charm and craftsmanship in every detail. Shop now for natural elegance!\"","canonical_url":"https:\/\/shshealthcare.org.pk\/?product=handmade-jute-macrame-small","robots":"max-image-preview:large","keywords":"","webmasterTools":{"miscellaneous":""},"schema":{"@context":"https:\/\/schema.org","@graph":[{"@type":"BreadcrumbList","@id":"https:\/\/shshealthcare.org.pk\/?product=handmade-jute-macrame-small#breadcrumblist","itemListElement":[{"@type":"ListItem","@id":"https:\/\/shshealthcare.org.pk#listItem","position":1,"name":"Home","item":"https:\/\/shshealthcare.org.pk","nextItem":{"@type":"ListItem","@id":"https:\/\/shshealthcare.org.pk\/?page_id=4359#listItem","name":"Shop"}},{"@type":"ListItem","@id":"https:\/\/shshealthcare.org.pk\/?page_id=4359#listItem","position":2,"name":"Shop","item":"https:\/\/shshealthcare.org.pk\/?page_id=4359","nextItem":{"@type":"ListItem","@id":"https:\/\/shshealthcare.org.pk\/?product_cat=home-garden#listItem","name":"Home &amp; Garden"},"previousItem":{"@type":"ListItem","@id":"https:\/\/shshealthcare.org.pk#listItem","name":"Home"}},{"@type":"ListItem","@id":"https:\/\/shshealthcare.org.pk\/?product_cat=home-garden#listItem","position":3,"name":"Home &amp; Garden","item":"https:\/\/shshealthcare.org.pk\/?product_cat=home-garden","nextItem":{"@type":"ListItem","@id":"https:\/\/shshealthcare.org.pk\/?product_cat=home-decor#listItem","name":"Home Decor"},"previousItem":{"@type":"ListItem","@id":"https:\/\/shshealthcare.org.pk\/?page_id=4359#listItem","name":"Shop"}},{"@type":"ListItem","@id":"https:\/\/shshealthcare.org.pk\/?product_cat=home-decor#listItem","position":4,"name":"Home Decor","item":"https:\/\/shshealthcare.org.pk\/?product_cat=home-decor","nextItem":{"@type":"ListItem","@id":"https:\/\/shshealthcare.org.pk\/?product=handmade-jute-macrame-small#listItem","name":"Handmade Jute Macram\u00e9-Small"},"previousItem":{"@type":"ListItem","@id":"https:\/\/shshealthcare.org.pk\/?product_cat=home-garden#listItem","name":"Home &amp; Garden"}},{"@type":"ListItem","@id":"https:\/\/shshealthcare.org.pk\/?product=handmade-jute-macrame-small#listItem","position":5,"name":"Handmade Jute Macram\u00e9-Small","previousItem":{"@type":"ListItem","@id":"https:\/\/shshealthcare.org.pk\/?product_cat=home-decor#listItem","name":"Home Decor"}}]},{"@type":"ItemPage","@id":"https:\/\/shshealthcare.org.pk\/?product=handmade-jute-macrame-small#itempage","url":"https:\/\/shshealthcare.org.pk\/?product=handmade-jute-macrame-small","name":"Handmade Jute Macram\u00e9-Small - SHS Gifts","description":"Handicrafts - \"Elevate your space with our Handmade Jute Macram\u00e9 - Small. Bohemian charm and craftsmanship in every detail. Shop now for natural elegance!\"","inLanguage":"en-US","isPartOf":{"@id":"https:\/\/shshealthcare.org.pk\/#website"},"breadcrumb":{"@id":"https:\/\/shshealthcare.org.pk\/?product=handmade-jute-macrame-small#breadcrumblist"},"image":{"@type":"ImageObject","url":"https:\/\/shshealthcare.org.pk\/wp-content\/uploads\/2023\/07\/macrame-Jute-Small-1.jpg","@id":"https:\/\/shshealthcare.org.pk\/?product=handmade-jute-macrame-small\/#mainImage","width":700,"height":700},"primaryImageOfPage":{"@id":"https:\/\/shshealthcare.org.pk\/?product=handmade-jute-macrame-small#mainImage"},"datePublished":"2023-07-11T14:56:15-04:00","dateModified":"2024-01-15T01:13:08-05:00"},{"@type":"Organization","@id":"https:\/\/shshealthcare.org.pk\/#organization","name":"SHS Gifts","description":"doing small things in a GREAT way!","url":"https:\/\/shshealthcare.org.pk\/","telephone":"+923008619006","logo":{"@type":"ImageObject","url":"https:\/\/shshealthcare.org.pk\/wp-content\/uploads\/2024\/03\/cropped-shs-logo-2-1.jpg","@id":"https:\/\/shshealthcare.org.pk\/?product=handmade-jute-macrame-small\/#organizationLogo","width":512,"height":512},"image":{"@id":"https:\/\/shshealthcare.org.pk\/?product=handmade-jute-macrame-small\/#organizationLogo"},"sameAs":["https:\/\/www.facebook.com\/SHSPAK\/"]},{"@type":"WebPage","@id":"https:\/\/shshealthcare.org.pk\/?product=handmade-jute-macrame-small#webpage","url":"https:\/\/shshealthcare.org.pk\/?product=handmade-jute-macrame-small","name":"Handmade Jute Macram\u00e9-Small - SHS Gifts","description":"Handicrafts - \"Elevate your space with our Handmade Jute Macram\u00e9 - Small. Bohemian charm and craftsmanship in every detail. Shop now for natural elegance!\"","inLanguage":"en-US","isPartOf":{"@id":"https:\/\/shshealthcare.org.pk\/#website"},"breadcrumb":{"@id":"https:\/\/shshealthcare.org.pk\/?product=handmade-jute-macrame-small#breadcrumblist"},"image":{"@type":"ImageObject","url":"https:\/\/shshealthcare.org.pk\/wp-content\/uploads\/2023\/07\/macrame-Jute-Small-1.jpg","@id":"https:\/\/shshealthcare.org.pk\/?product=handmade-jute-macrame-small\/#mainImage","width":700,"height":700},"primaryImageOfPage":{"@id":"https:\/\/shshealthcare.org.pk\/?product=handmade-jute-macrame-small#mainImage"},"datePublished":"2023-07-11T14:56:15-04:00","dateModified":"2024-01-15T01:13:08-05:00"},{"@type":"WebSite","@id":"https:\/\/shshealthcare.org.pk\/#website","url":"https:\/\/shshealthcare.org.pk\/","name":"SHS Gifts","description":"doing small things in a GREAT way!","inLanguage":"en-US","publisher":{"@id":"https:\/\/shshealthcare.org.pk\/#organization"}}]},"og:locale":"en_US","og:site_name":"SHS Gifts - doing small things in a GREAT way!","og:type":"article","og:title":"Handmade Jute Macram\u00e9-Small - SHS Gifts","og:description":"Handicrafts - &quot;Elevate your space with our Handmade Jute Macram\u00e9 - Small. Bohemian charm and craftsmanship in every detail. Shop now for natural elegance!&quot;","og:url":"https:\/\/shshealthcare.org.pk\/?product=handmade-jute-macrame-small","og:image":"https:\/\/shshealthcare.org.pk\/wp-content\/uploads\/2025\/02\/shs_gift_logo-e-removebg-preview.png","og:image:secure_url":"https:\/\/shshealthcare.org.pk\/wp-content\/uploads\/2025\/02\/shs_gift_logo-e-removebg-preview.png","og:image:width":452,"og:image:height":552,"article:published_time":"2023-07-11T18:56:15+00:00","article:modified_time":"2024-01-15T06:13:08+00:00","article:publisher":"https:\/\/www.facebook.com\/SHSPAK\/","article:author":"https:\/\/www.facebook.com\/shsgifts","twitter:card":"summary_large_image","twitter:title":"Handmade Jute Macram\u00e9-Small - SHS Gifts","twitter:description":"Handicrafts - &quot;Elevate your space with our Handmade Jute Macram\u00e9 - Small. Bohemian charm and craftsmanship in every detail. Shop now for natural elegance!&quot;","twitter:image":"https:\/\/shshealthcare.org.pk\/wp-content\/uploads\/2025\/02\/shs_gift_logo-e-removebg-preview.png"},"aioseo_meta_data":{"post_id":"3039","title":null,"description":"#taxonomy_title #separator_sa \"Elevate your space with our Handmade Jute Macram\u00e9 - Small. Bohemian charm and craftsmanship in every detail. Shop now for natural elegance!\"","keywords":[],"keyphrases":{"focus":{"keyphrase":"Macram\u00e9","score":82,"analysis":{"keyphraseInTitle":{"score":9,"maxScore":9,"error":0},"keyphraseInDescription":{"score":9,"maxScore":9,"error":0},"keyphraseLength":{"score":9,"maxScore":9,"error":0,"length":1},"keyphraseInURL":{"score":5,"maxScore":5,"error":0},"keyphraseInIntroduction":{"score":9,"maxScore":9,"error":0},"keyphraseInSubHeadings":[],"keyphraseInImageAlt":[],"keywordDensity":{"type":"high","score":0,"maxScore":9,"error":1}}},"additional":[]},"primary_term":null,"canonical_url":null,"og_title":null,"og_description":null,"og_object_type":"default","og_image_type":"default","og_image_url":null,"og_image_width":null,"og_image_height":null,"og_image_custom_url":null,"og_image_custom_fields":null,"og_video":"","og_custom_url":null,"og_article_section":null,"og_article_tags":[],"twitter_use_og":false,"twitter_card":"default","twitter_image_type":"default","twitter_image_url":null,"twitter_image_custom_url":null,"twitter_image_custom_fields":null,"twitter_title":null,"twitter_description":null,"schema":{"blockGraphs":[],"customGraphs":[],"default":{"data":{"Article":[],"Course":[],"Dataset":[],"FAQPage":[],"Movie":[],"Person":[],"Product":[],"ProductReview":[],"Car":[],"Recipe":[],"Service":[],"SoftwareApplication":[],"WebPage":[]},"graphName":"ItemPage","isEnabled":true},"graphs":[]},"schema_type":"default","schema_type_options":null,"pillar_content":false,"robots_default":true,"robots_noindex":false,"robots_noarchive":false,"robots_nosnippet":false,"robots_nofollow":false,"robots_noimageindex":false,"robots_noodp":false,"robots_notranslate":false,"robots_max_snippet":"-1","robots_max_videopreview":"-1","robots_max_imagepreview":"large","priority":null,"frequency":"default","local_seo":null,"seo_analyzer_scan_date":"2025-10-28 18:53:43","breadcrumb_settings":null,"limit_modified_date":false,"reviewed_by":null,"open_ai":null,"ai":null,"created":"2023-07-11 18:56:16","updated":"2025-10-28 21:37:10"},"aioseo_breadcrumb":"<div class=\"aioseo-breadcrumbs\"><span class=\"aioseo-breadcrumb\">\n\t<a href=\"https:\/\/shshealthcare.org.pk\" title=\"Home\">Home<\/a>\n<\/span><span class=\"aioseo-breadcrumb-separator\">&raquo;<\/span><span class=\"aioseo-breadcrumb\">\n\t<a href=\"https:\/\/shshealthcare.org.pk\/?page_id=4359\" title=\"Shop\">Shop<\/a>\n<\/span><span class=\"aioseo-breadcrumb-separator\">&raquo;<\/span><span class=\"aioseo-breadcrumb\">\n\t<a href=\"https:\/\/shshealthcare.org.pk\/?product_cat=home-garden\" title=\"Home &amp; Garden\">Home &amp; Garden<\/a>\n<\/span><span class=\"aioseo-breadcrumb-separator\">&raquo;<\/span><span class=\"aioseo-breadcrumb\">\n\t<a href=\"https:\/\/shshealthcare.org.pk\/?product_cat=home-decor\" title=\"Home Decor\">Home Decor<\/a>\n<\/span><span class=\"aioseo-breadcrumb-separator\">&raquo;<\/span><span class=\"aioseo-breadcrumb\">\n\tHandmade Jute Macram\u00e9-Small\n<\/span><\/div>","aioseo_breadcrumb_json":[{"label":"Home","link":"https:\/\/shshealthcare.org.pk"},{"label":"Shop","link":"https:\/\/shshealthcare.org.pk\/?page_id=4359"},{"label":"Home &amp; Garden","link":"https:\/\/shshealthcare.org.pk\/?product_cat=home-garden"},{"label":"Home Decor","link":"https:\/\/shshealthcare.org.pk\/?product_cat=home-decor"},{"label":"Handmade Jute Macram\u00e9-Small","link":"https:\/\/shshealthcare.org.pk\/?product=handmade-jute-macrame-small"}],"_links":{"self":[{"href":"https:\/\/shshealthcare.org.pk\/index.php?rest_route=\/wp\/v2\/product\/3039","targetHints":{"allow":["GET"]}}],"collection":[{"href":"https:\/\/shshealthcare.org.pk\/index.php?rest_route=\/wp\/v2\/product"}],"about":[{"href":"https:\/\/shshealthcare.org.pk\/index.php?rest_route=\/wp\/v2\/types\/product"}],"replies":[{"embeddable":true,"href":"https:\/\/shshealthcare.org.pk\/index.php?rest_route=%2Fwp%2Fv2%2Fcomments&post=3039"}],"wp:featuredmedia":[{"embeddable":true,"href":"https:\/\/shshealthcare.org.pk\/index.php?rest_route=\/wp\/v2\/media\/3042"}],"wp:attachment":[{"href":"https:\/\/shshealthcare.org.pk\/index.php?rest_route=%2Fwp%2Fv2%2Fmedia&parent=3039"}],"wp:term":[{"taxonomy":"product_brand","embeddable":true,"href":"https:\/\/shshealthcare.org.pk\/index.php?rest_route=%2Fwp%2Fv2%2Fproduct_brand&post=3039"},{"taxonomy":"product_cat","embeddable":true,"href":"https:\/\/shshealthcare.org.pk\/index.php?rest_route=%2Fwp%2Fv2%2Fproduct_cat&post=3039"},{"taxonomy":"product_tag","embeddable":true,"href":"https:\/\/shshealthcare.org.pk\/index.php?rest_route=%2Fwp%2Fv2%2Fproduct_tag&post=3039"}],"curies":[{"name":"wp","href":"https:\/\/api.w.org\/{rel}","templated":true}]}}